is the units digit of d(n)?
8
Let z(u) = u**2 - 7*u + 3. Let t be z(7). Suppose -t*y - 26 = -62. What is the tens digit of y?
1
Let j = 142 + -11. What is the tens digit of j?
3
Suppose 4*w - 15 = 5. Let j(h) = 4*h**2 - 5*h + 1. Let y(d) = -9*d**2 + 11*d - 3. Let b(m) = 7*j(m) + 3*y(m). What is the tens digit of b(w)?
1
Let z(x) = -15*x - 32. What is the tens digit of z(-10)?
1
Let n = -52 - -136. What is the units digit of n?
4
Let f(i) be the second derivative of i**3 + 5*i**2/2 + 2*i. What is the units digit of f(4)?
9
Suppose 2*k = -5*s + 57, 5*k + 0*s - 65 = 3*s. What is the units digit of k?
6
Let l(y) = 3 + 1 + 2*y**2 - 5 + 0. Let u be -1 - -2 - (-4)/(-1). What is the units digit of l(u)?
7
Let a(y) = y**2 - 7*y + 6. Let i be a(4). Let l(u) = u**3 + 7*u**2 + 5*u - 3. What is the units digit of l(i)?
3
Suppose 0 = -2*g + 7*g + 15. Let o be (0/g)/((-1)/1). Suppose o*y = -2*y + 20. What is the units digit of y?
0
Let n be 0/(-4) + (-1 - -1). What is the units digit of (-1 - -2)*(n - -7)?
7
Let a = -3 - -1. Let c(n) = n**2 + 2*n + 2. Let f be c(a). Suppose -4*u + 2*u + 4 = f*l, -3*u - 12 = 0. What is the units digit of l?
6
Suppose 0 = 5*u - 2*n - 10, 3*u - 6 = -6*n + n. What is the tens digit of (-3 + 1)*(-12)/u?
1
Suppose 1 = o - 3*n + 5, -o = -n. Suppose -o*z + 15 = z. Suppose -4*v + 4 = 4*r - 4, -6 = -3*v + z*r. What is the units digit of v?
2
Let u(h) = h - 2. Let l be u(4). Suppose -72 = -l*c - c. Suppose -4*r = 4*f - 0*r - c, 4*f - 4*r = 64. What is the units digit of f?
1
Suppose 4*f - 256 = 2*f. Suppose -f = -4*u + 24. Let a = -24 + u. What is the units digit of a?
4
Let c be 9/(-5)*20/(-6). Suppose c*p - p - 20 = 0. What is the units digit of p?
4
Suppose 15*q = 16*q - 2. What is the units digit of q?
2
Let p = 8 - 6. Suppose 0 = p*u - 3*u + 23. What is the tens digit of u?
2
Let g = 26 + -24. Suppose -g*n + 3*o = -31 - 5, 0 = -n + 4*o + 28. What is the units digit of n?
2
Let q be (-2)/3*(-1 - 29). Let v = q + -10. What is the units digit of v?
0
Let b = 18 + -12. Suppose p - b*p + 60 = 0. What is the units digit of (p/4)/(6/4)?
2
Let j be -1 + (0 + 5 - 2). Suppose -u - 2*k - 3 = 0, -j*k - 3*k = 5*u. What is the units digit of u?
3
Let j = -6 + 0. Let z = 11 + j. What is the units digit of z?
5
Suppose 60 = 2*v - v. What is the tens digit of v?
6
Let g(z) = z**3 + 7*z**2 + 4*z + 1. Let l be g(-6). Suppose -5*d - 53 + l = 0. Let r(u) = u + 10. What is the units digit of r(d)?
2
What is the hundreds digit of (322/(-4) - -1)*(-12)/9?
1
Let z be (-3)/(3 + 0) - 3. What is the units digit of 14/10 - z/(-10)?
1
Let v(i) = i**2 + 0*i**2 + i**3 + 18 + i + 0*i + 0*i**3. What is the tens digit of v(0)?
1
Let z = 120 - 81. What is the tens digit of z?
3
Suppose 0 = 4*a + n + 15, 2*n - 9 = a + 6. Let p = a + 15. What is the units digit of p?
0
Let v = 4 + -1. Let l(n) be the third derivative of n**4/8 + n**3/6 + 11*n**2. What is the tens digit of l(v)?
1
Let l(z) = -14*z + 3. Suppose 2 + 0 = -p. What is the tens digit of l(p)?
3
Let h = 6 + -2. Suppose h*j = 95 - 23. What is the units digit of j?
8
Let s = 5 + 18. What is the tens digit of s?
2
Let j = 6 + -7. What is the units digit of (j - (-2 + 0))*3?
3
Let l be 1/(-2)*2 - -4. Suppose -7*k + 13 = -4*t - 2*k, t + l*k - 18 = 0. Let u = t + 8. What is the units digit of u?
1
Let d(y) = y - 38. Let h be d(0). Let j = h + 54. What is the tens digit of j?
1
Let y(c) = -c**3 + 5*c**2 - 4*c + 1. Suppose l - 25 = -0*l. Let d be 30/l*(-5)/(-2). What is the units digit of y(d)?
7
Let r = 118 - 45. What is the tens digit of r?
7
What is the units digit of 427/(-11)*-1 - (-2)/11?
9
Let x(y) = y - 9. Let q be x(8). What is the tens digit of 10 - -13 - (q - 1)?
2
Let d(r) = 5*r**3 - 4*r**2 - r + 4. Suppose -5*g - 15 = -0*g. Let h(w) = -6*w**3 + 3*w**2 + w - 3. Let m(x) = g*d(x) - 4*h(x). What is the units digit of m(1)?
8
Let t = 17 + -5. What is the units digit of 110/t + 10/(-60)?
9
Suppose 348 = 4*h - h. What is the tens digit of h?
1
Suppose n - 1 = -l, 2*n + 12 = 6*n - 4*l. Suppose z = n + 11. What is the units digit of z?
3
Let c(k) = -k**2 + 6*k - 1. Let s be c(7). Let r(u) = -4*u - 27. Let j(l) = 6*l + 40. Let n(p) = -5*j(p) - 7*r(p). What is the units digit of n(s)?
5
What is the units digit of (2/(-6))/((-1)/3)?
1
Let z = 116 - -23. What is the hundreds digit of z?
1
Suppose j - 125 = 107. What is the tens digit of j?
3
Suppose 9 = -c + 2*c - 3*q, -q = -3*c + 3. Let w = -3 + c. Let m = 0 - w. What is the units digit of m?
3
Let y = -9 + 21. What is the units digit of y/(-6)*(-1 - 0)?
2
Let j be (5 - 3) + -11*1. Let g = -6 - j. What is the units digit of g?
3
Let l be 349/7 - (-3)/21. Suppose 3*n + i - 38 = -i, 0 = -4*n - 2*i + l. What is the tens digit of n?
1
Suppose -5*w + 20 = 0, 2*p - 3*w = -2*p + 176. Suppose -2*r - p = -9. What is the units digit of r/(-2) - 1/2?
9
Suppose 0 = 6*x - 2*x - 260. What is the units digit of x?
5
Let h(j) = 6*j + j + 7*j. What is the tens digit of h(2)?
2
Suppose -3*n = -33 - 39. What is the units digit of n?
4
Let r = 65 + -38. Suppose 4*f - c - r = 0, -4*f - f + 32 = -3*c. What is the units digit of f?
7
Let v(z) = 11*z**2 - 3*z + 2. What is the tens digit of v(-2)?
5
Let f(m) = -m**3 + 6*m**2 + 2*m - 3. Suppose 0 = 5*z - 41 - 64. Suppose g + z = 4*b, 2 = b + 5*g - 19. What is the units digit of f(b)?
9
Let o = -26 - -53. What is the tens digit of o?
2
Suppose -2*f + 2*a - 7 = -a, -2*f - 4*a = -14. Let q = f + -1. Let g(t) = t**2 + t + 10. What is the tens digit of g(q)?
1
Suppose -n - 5 = -0*n. What is the units digit of (-3)/15 - 11/n?
2
Suppose 3*o + 3*z = 84, 0 = -5*o + z - 3*z + 134. What is the tens digit of o?
2
Suppose -4*f - 3*h = -125, 210 = 5*f + 2*h + 59. Suppose 3*l - 5*a = f, -a + 6 = 3*l + 1. Suppose -l*b + 1 = -23. What is the units digit of b?
8
Let c = 165 + -97. What is the tens digit of c?
6
Let j = 122 + -62. What is the units digit of j?
0
Let t be 116/36 + 8/(-36). What is the tens digit of (-3 - (-3)/t) + 46?
4
Suppose -22 = 3*a - 64. Suppose -2*w + 6 = 48. What is the units digit of (w/a)/((-6)/28)?
7
Let q(h) = -h**2 - 4*h - 3. Let y be q(-2). Let c = 9 - 5. Let x = y + c. What is the units digit of x?
5
Let o(k) = k - 4. Let p be o(6). Let v be -1 + 3 + (-2 - -1). Let j = p - v. What is the units digit of j?
1
Suppose 0 = 3*u - 0*u - 42. Suppose -t + u = 4. What is the units digit of t?
0
Suppose 14 = 4*t - 438. What is the units digit of t?
3
Let p(v) = 64*v**2 + 5*v + 4. What is the units digit of p(-1)?
3
Let z(y) = -6*y - 3. Let m be z(3). Let c(i) = -i**3 + 9*i**2 - 2*i + 4. Let s be c(9). What is the units digit of (-102)/s - (-6)/m?
7
Let a(g) = g**2 - 4*g + 6. Let k be a(6). Let v(c) = -2*c**2 + 2. Let w be v(0). Suppose -w*f = f - k. What is the units digit of f?
6
Suppose 0*b = 2*b + 74. Let m = b + 68. What is the units digit of m?
1
Let r(g) = -2 - 2*g + 2*g + g + 3*g. Let i be r(9). Let c = -23 + i. What is the tens digit of c?
1
Let v(a) = -a + 14. What is the tens digit of v(-7)?
2
Let i be 0/(3/(9/3)). Let r = i - -3. Suppose o - 3*n = -r, -3*n - 2*n = -5*o + 15. What is the units digit of o?
6
Let y be 4/(-8)*(-4 - 2). Suppose -4*a + 9 + y = 0. What is the units digit of a?
3
Let g(m) = m**3 - 7*m**2 - 6*m + 7. Let i be g(9). Suppose 5*f = -0*f - i. What is the units digit of (-3 - f) + 0 + -2?
8
Let p = 12 + -3. Suppose -2*o - o = 5*k + 23, -2*k - p = o. What is the units digit of (o/1 - 5)/(-2)?
3
What is the tens digit of 18/(-6)*(-50)/6?
2
Let k(n) = 2 - 2*n + 2*n - 6*n - 7. Let b be k(-6). Let x = 43 - b. What is the units digit of x?
2
Let h(f) = f - 11. Let w be h(8). Let g be 1*w/3 - -2. Let j = g + 0. What is the units digit of j?
1
Suppose -216 = -4*g + 72. Suppose -z - 3*z + g = 0. Suppose l - 4*l = -z. What is the units digit of l?
6
Let i(j) = -j**3 - j**2 - j. Let a be i(-1). Suppose 4*w - 2*w + 32 = 0. Let t = a - w. What is the tens digit of t?
1
Suppose -3*t + 54 = -t. Let u = t + 16. What is the units digit of u?
3
Let l = -4 + 6. Let k(q) = -17*q - 2. Let j be k(-2). Suppose j = 2*m + l*m. What is the units digit of m?
8
Suppose 4*a - 18 = a. Suppose -a*b + 91 = 2*h - 7*b, -38 = -h - b. Suppose 0 = 5*d + k - h, -4*d + 4*k + 44 + 0 = 0. What is the units digit of d?
9
What is the units digit 